*l - 208. Let v = l - 48. Let k = 84 - v. What is the tens digit of k?
5
Let v = -78 - -247. Let k = -106 + v. What is the tens digit of k?
6
Let s be 21/7 - (0 + -1). Let a(o) = 3*o**2 + o + 6. Let j be a(s). Let l = j + -31. What is the tens digit of l?
2
Suppose 4*i + 223 = 4*p - 3*p, 0 = 2*p + 2*i - 446. What is the units digit of p?
3
Let i(o) = -23*o - 140. Let z(a) = 12*a + 70. Let n(v) = -6*i(v) - 13*z(v). What is the tens digit of n(-14)?
8
Suppose -3 = -3*v, 2346 = -3*t + 4*t - 3*v. What is the thousands digit of t?
2
Suppose -67*k = -4*k - 14931. What is the hundreds digit of k?
2
Suppose -17 = 4*l - 89. Let r be l/10 + (-1)/(-5). Suppose -3*n + 23 = -n - 5*d, 0 = r*d + 2. What is the units digit of n?
9
Suppose 5*f - 57 = 2*z, z + 4*f + 87 = 26. Let l = z - -66. What is the units digit of l?
5
Suppose 3*g = -5*h + 74 - 269, 0 = g. Let a(y) = -2*y**2 + y - 6. Let s be a(-5). Let j = h - s. What is the units digit of j?
2
What is the hundreds digit of 6/(-4)*(-126440)/87?
1
Let r(q) = -q**3 + 44*q**2 - 161*q - 2. What is the thousands digit of r(39)?
1
Let n(a) = a**3 - 7*a**2 - 18*a + 4. Let d be n(9). Suppose -4*k - w = -135 - 22, -k = d*w - 43. What is the tens digit of k?
3
Let q(d) = d**2 + 30*d + 254. What is the units digit of q(-28)?
8
Let l = -215 + 253. What is the tens digit of l?
3
Suppose -t = -6*t - 5. Let p be t - (-3 + 1 + 1). Suppose p*o - 4*h = 3*o - 64, 2*h + 10 = 0. What is the units digit of o?
8
Let o = 41 + 51. Suppose 49*n + 1410 = 54*n. Suppose -5*s - o = -n. What is the units digit of s?
8
Let y(m) = -m**3 - 8*m**2 + 19*m - 20. Let f be y(-10). Let n = f + 158. What is the tens digit of n?
4
Let z be (-4)/18 - (-11)/9. Let j(k) = 34*k + 1. Let y be j(z). Suppose 0 = 2*h + 3*h - y. What is the units digit of h?
7
Suppose -5*k = -2*g + 59, -2*g + 102 = g - 3*k. Suppose 0*y - 157 = -4*a - 3*y, a + 3*y - g = 0. What is the tens digit of a?
4
Suppose 5*f + 5*g = 1415, -2*f - 5*g = -0*g - 554. What is the units digit of f?
7
Suppose -5*n + 83 = -247. Suppose -3*v + 12 + n = 2*f, -2*f + 80 = 2*v. What is the units digit of f?
2
Let a(f) be the first derivative of -5/2*f**2 + 10 - f. What is the tens digit of a(-3)?
1
Let j be 31 + 4 + 1*-6. Suppose -3*y = -7 - j. What is the units digit of y?
2
Let g(p) = 6 - 10*p + 0 + 0*p**2 - p**2 - 1. Let n be g(-10). Suppose 4*o - 2 = a, -4*o + 64 = n*a - 22. What is the tens digit of a?
1
Suppose 303*j = 309*j - 4068. What is the hundreds digit of j?
6
What is the hundreds digit of -12*(-1*545/10 - 6)?
7
Let c = -1255 - -2362. What is the units digit of c?
7
Suppose -w = 5*u - 1, -5*w - 3*u - 105 = -0*u. Let i be (w/2)/((-2)/22). Suppose -t = -5*t + i. What is the units digit of t?
3
What is the hundreds digit of (-2)/4*(11 - (-3 - -1732))?
8
Let v = -15 + 18. Suppose 3*r - 38 - 76 = -v*u, 3*u - 116 = -r. Let x = u + -15. What is the tens digit of x?
2
Suppose -6*l + 5*b + 185 = -4*l, l - 82 = -b. What is the units digit of l?
5
Suppose 3*f + 2*q - 2509 = -390, q + 1422 = 2*f. What is the units digit of f?
9
Let a = -13 + 38. Suppose 17*z - 3*z = 322. Suppose a*h - z*h - 56 = 0. What is the tens digit of h?
2
Let x = -49 - -74. Let t = 147 + x. What is the tens digit of t?
7
What is the units digit of (-26812)/(-12) - (-37)/(-111)?
4
Suppose 0 = -h - g + 229, h - 2*g + 4*g - 230 = 0. What is the hundreds digit of h?
2
Let i = -1701 - -2767. What is the thousands digit of i?
1
Suppose 4 = 2*n, 2*a + 2*n + 90 = -0*n. Let s = a + 74. What is the units digit of s?
7
Suppose 2*r + 12 = -0*r. Let h(b) = -3*b - 8. Let y be h(r). Let o = y - 6. What is the units digit of o?
4
Suppose 0 = 5*o + 4*o - 63. Suppose o*t - 9 = 4*t. Suppose -w = 4*z - 14 - 62, 0 = 2*z + t*w - 48. What is the units digit of z?
8
Let v(r) = -r**3 - 4*r**2 - 13. Let m(h) = h**2 - h + 1. Let t(a) = -4*m(a) - v(a). Let i(d) be the first derivative of t(d). What is the units digit of i(-2)?
6
Let w(a) = 3*a**2 + 17*a - 39. What is the tens digit of w(-43)?
7
Let j(c) = 319*c**3 + 4*c**2 - 14*c + 8. What is the hundreds digit of j(2)?
5
Let h be -246*-4*2/12. Suppose 5*c = 3*c + h. What is the units digit of c?
2
What is the units digit of (-2)/4*2 + 845?
4
Suppose -5 = 3*k - 11. Suppose -k*p + 156 = -5*x - 0*p, 5*x + 154 = 3*p. Let w = x - -47. What is the units digit of w?
5
Suppose 16*j - 120089 = -25*j. What is the tens digit of j?
2
What is the units digit of 423 - 11 - (-4 - 2)?
8
Let d(o) = o**3 - 5*o**2 + 7*o - 22. What is the units digit of d(6)?
6
Let c be (-4)/2*-1 - (-1 + 0). Suppose -c*x + 391 = -230. What is the tens digit of x?
0
Let w be (-8 + 7)/(1/18). Let v = w - -10. What is the units digit of (-48)/14*(v - -1)?
4
Suppose 7080 + 3600 = 15*h. What is the tens digit of h?
1
Let a(h) = -2*h - 6. Let d(q) = q - 1. Let l(r) = -a(r) - d(r). Let w be l(-3). Suppose -3*m + 5*c + 42 = -86, 130 = 3*m - w*c. What is the units digit of m?
6
Suppose 2*h = 4*h - 408. Suppose -4*v + h = 20. What is the tens digit of (-3)/9 + v/3?
1
Let b be 1*(3/(-3) - 2). Let f be ((1 - 0) + b)/(-1). Suppose -f*q + 5 = -59. What is the tens digit of q?
3
Let y(a) = a**2. Let h be y(-2). Suppose -2*r + l - h*l + 90 = 0, -5*l - 74 = -2*r. What is the tens digit of r?
4
Suppose -223 = -3*f + 2. Suppose -5*g = 185 - f. Let p = g + 34. What is the units digit of p?
2
Let l(p) = 3*p**2 - 2*p - 2. Let f be l(-2). Let n be 39/7 - (-6)/f. What is the tens digit of 230/(-4)*n/(-5)?
6
Let i(v) = -4*v**3 - 113*v**2 - 110*v + 37. What is the hundreds digit of i(-28)?
3
Suppose -h + k + 20 = -9, -k - 95 = -3*h. Suppose 3*r - 5*d - h = 32, r - 4*d = 10. What is the units digit of r?
0
Let v = 152 + -16. What is the units digit of v?
6
Suppose p = -4*r + 17, -2*p + r + 51 = 2*p. Let a be (p/2)/((-3)/6). Let d = a + 15. What is the units digit of d?
2
Let a(f) = -5*f**2 + 4*f - 2. Let s be a(2). Let x be (s/(-21))/((-4)/(-6)). Suppose -x = 2*t - 5. What is the units digit of t?
2
Let o(i) = i**2 + 7*i - 56. What is the hundreds digit of o(-36)?
9
Let i = 57 - 49. What is the tens digit of (-7)/(-168)*6 - (-774)/i?
9
Let b(c) = -5*c + 3. Let m(f) = 10*f - 6. Let t(u) = -7*b(u) - 4*m(u). What is the units digit of t(-11)?
8
Suppose 0 = 10*u - 3968 - 8902. What is the tens digit of u?
8
What is the thousands digit of (-66)/99*(-11469)/2?
3
Suppose -11*v - 7410 = -17*v. What is the tens digit of v?
3
Suppose t - 6712 = -2*z + 1248, -2*z + 5*t + 7960 = 0. What is the tens digit of z?
8
Let i(m) = -2*m - 5. Let w be i(-3). What is the units digit of 4*w + (-425)/(-17)?
9
Let t(l) = -89*l - 13. Let j be (0 + 1 - 5) + 2. What is the hundreds digit of t(j)?
1
Let b(x) = x**3 + 19*x**2 - 24*x + 13. Let m be b(-20). Suppose 45*h = 46*h - m. What is the tens digit of h?
9
Suppose 5*i - 2*x - 3579 = 0, -5*i + 3585 = -10*x + 5*x. What is the tens digit of i?
1
Suppose -2*p = 5*d - 769, 0*d + 2*p = -3*d + 459. What is the hundreds digit of d?
1
Suppose -50*y + 4961 + 26239 = 0. What is the tens digit of y?
2
Suppose -8*z = -5*z + c - 1128, -1128 = -3*z - 2*c. What is the hundreds digit of z?
3
Suppose 8*r + 6304 = 24*r. What is the hundreds digit of r?
3
Let j(b) = b**3 - 17*b**2 + 19*b - 25. Let m be j(16). Suppose -w + 71 = 3*f + m, 5*w = 2*f + 274. What is the tens digit of w?
5
Suppose -3*p - 1722 = -5*p - 5*l, -3472 = -4*p - 3*l. What is the hundreds digit of p?
8
Let a(l) = 18*l**2 + 22*l - 17. What is the hundreds digit of a(5)?
5
Suppose 4*n - 446 = 2*t, -2*n + 272 = t + 59. Let i = 202 - n. What is the units digit of i?
3
Let u = -24 - -27. Suppose 0*s = -s + 5*q + 70, q + 168 = u*s. What is the tens digit of s?
5
Let n = 227 - 215. What is the units digit of n?
2
Let x = -298 - -751. What is the units digit of x?
3
Let g(l) = -13*l + 302. What is the tens digit of g(-7)?
9
Suppose 0 = -3*k - 12, 0*k = 2*y + 2*k + 20. What is the units digit of (171/y)/(2/(-4))?
7
Let l(i) = -4*i - 7. Let s be l(2). What is the units digit of s/25*-5 + 74?
7
Suppose -3*f - 5*f = f. Suppose 4*d - 438 - 62 = f. What is the tens digit of d?
2
Suppose 0 = 4*g, -2*i + 4*g + 827 = -447. What is the hundreds digit of i?
6
Suppose 27*u - 24*u = s - 1673, u = 3*s - 5003. What is the tens digit of s?
6
Let u be 33/(-6)*(2 + -8). Let r be (-229)/(-4) - u/(-44). Suppose 